5
What is the tens digit of 36180006?
0
What is the hundred thousands digit of 16529236?
5
What is the thousands digit of 724403?
4
What is the millions digit of 92974070?
2
What is the hundred millions digit of 269536331?
2
What is the hundred millions digit of 559917781?
5
What is the millions digit of 188242916?
8
What is the ten thousands digit of 161584950?
8
What is the tens digit of 375224606?
0
What is the hundred millions digit of 2629801557?
6
What is the hundred thousands digit of 29847094?
8
What is the hundreds digit of 925313208?
2
What is the units digit of 449041316?
6
What is the hundred thousands digit of 148676792?
6
What is the millions digit of 360573823?
0
What is the units digit of 24511931?
1
What is the ten thousands digit of 41890327?
9
What is the hundred thousands digit of 31553684?
5
What is the ten thousands digit of 187928807?
2
What is the hundreds digit of 4632031753?
7
What is the units digit of 561902436?
6
What is the tens digit of 232794677?
7
What is the ten thousands digit of 125660351?
6
What is the millions digit of 63432464?
3
What is the units digit of 64548108?
8
What is the hundred thousands digit of 303417902?
4
What is the hundred thousands digit of 44091233?
0
What is the hundred millions digit of 751534701?
7
What is the hundreds digit of 7687380248?
2
What is the millions digit of 17726443?
7
What is the tens digit of 315676787?
8
What is the hundred thousands digit of 6679662937?
6
What is the millions digit of 48733589?
8
What is the hundred thousands digit of 85532339?
5
What is the tens digit of 17806147?
4
What is the hundred thousands digit of 114163052?
1
What is the ten millions digit of 91590300?
9
What is the hundreds digit of 54620306?
3
What is the hundred millions digit of 1701909371?
7
What is the hundred thousands digit of 1089089026?
0
What is the hundred millions digit of 2554646119?
5
What is the ten millions digit of 3563766994?
6
What is the millions digit of 8746142386?
6
What is the millions digit of 52510867?
2
What is the millions digit of 125995278?
5
What is the millions digit of 104965407?
4
What is the thousands digit of 131494283?
4
What is the hundred thousands digit of 810300448?
3
What is the tens digit of 658940919?
1
What is the millions digit of 1075877?
1
What is the millions digit of 22716809?
2
What is the hundred thousands digit of 676834125?
8
What is the tens digit of 2694258073?
7
What is the ten millions digit of 2077935338?
7
What is the hundred millions digit of 273975552?
2
What is the millions digit of 39925035?
9
What is the thousands digit of 4451410446?
0
What is the units digit of 47148512?
2
What is the ten thousands digit of 115836719?
3
What is the billions digit of 3232777531?
3
What is the hundreds digit of 679265235?
2
What is the thousands digit of 85498225?
8
What is the hundred thousands digit of 29789701?
7
What is the hundred thousands digit of 92551535?
5
What is the hundreds digit of 24264497?
4
What is the billions digit of 2005340631?
2
What is the hundreds digit of 178185042?
0
What is the ten millions digit of 872595059?
7
What is the ten thousands digit of 833167594?
6
What is the hundreds digit of 9962361?
3
What is the units digit of 3016118742?
2
What is the hundreds digit of 292032854?
8
What is the thousands digit of 1565631936?
1
What is the millions digit of 40160861?
0
What is the hundred thousands digit of 1107749477?
7
What is the ten millions digit of 682258184?
8
What is the ten thousands digit of 412572375?
7
What is the hundreds digit of 646723367?
3
What is the tens digit of 2297194670?
7
What is the millions digit of 570050422?
0
What is the thousands digit of 30346400?
6
What is the hundred thousands digit of 3081567687?
5
What is the thousands digit of 152769817?
9
What is the ten thousands digit of 76892722?
9
What is the thousands digit of 15925348?
5
What is the tens digit of 256410253?
5
What is the thousands digit of 273135828?
5
What is the thousands digit of 1240486411?
6
What is the millions digit of 280962481?
0
What is the thousands digit of 127070887?
0
What is the units digit of 125723112?
2
What is the ten millions digit of 430243154?
3
What is the hundreds digit of 1847044115?
1
What is the ten millions digit of 462316457?
6
What is the hundred thousands digit of 1722833840?
8
What is the thousands digit of 716986488?
6
What is the millions digit of 24746093?
4
What is the hundred millions digit of 1237354013?
2
What is the ten millions digit of 1158674427?
5
What is the ten thousands digit of 631387785?
8
What is the ten thousands digit of 1794394976?
9
What is the hundreds digit of 604754982?
9
What is the ten thousands digit of 974792520?
9
What is the thousands digit of 1143764532?
4
What is the ten millions digit of 535671577?
3
What is the hundred thousands digit of 245366055?
3
What is the millions digit of 1261228626?
1
What is the billions digit of 2667672654?
2
What is the ten thousands digit of 99485187?
8
What is the hundred thousands digit of 31675584?
6
What is the hundreds digit of 73577702?
7
What is the hundred thousands digit of 945632327?
6
What is the hundred millions digit of 155028783?
1
What is the millions digit of 1509920887?
9
What is the hundred millions digit of 2243995974?
2
What is the thousands digit of 305796067?
6
What is the millions digit of 689458475?
9
What is the ten millions digit of 1350304149?
5
What is the millions digit of 400507369?
0
What is the units digit of 46081571?
1
What is the tens digit of 191340339?
3
What is the millions digit of 505342562?
5
What is the units digit of 52739071?
1
What is the ten thousands digit of 849500751?
0
What is the millions digit of 365540253?
5
What is the millions digit of 1162359894?
2
What is the hundred thousands digit of 48122120?
1
What is the units digit of 24749676?
6
What is the units digit of 3418691538?
8
What is the hundred thousands digit of 386703844?
7
What is the thousands digit of 1448129391?
9
What is the ten thousands digit of 144981379?
8
What is the hundred thousands digit of 3673890072?
8
What is the thousands digit of 60095387?
5
What is the hundred millions digit of 153800381?
1
What is the hundred thousands digit of 114921537?
9
What is the thousands digit of 175029768?
9
What is the units digit of 1193431668?
8
What is the ten millions digit of 787822792?
8
What is the units digit of 3967054?
4
What is the hundreds digit of 42532962?
9
What is the ten thousands digit of 113821875?
2
What is the ten millions digit of 256480945?
5
What is the thousands digit of 4958084936?
4
What is the ten millions digit of 685062412?
8
What is the ten millions digit of 282453689?
8
What is the millions digit of 296721049?
6
What is the tens digit of 3019679282?
8
What is the ten millions digit of 993891389?
9
What is the ten thousands digit of 658700847?
0
What is the ten millions digit of 2377604621?
7
What is the units digit of 1403873678?
8
What is the tens digit of 34148436?
3
What is the millions digit of 39920300?
9
What is the thousands digit of 468416931?
6
What is the tens digit of 4886022?
2
What is the ten thousands digit of 45403215?
0
What is the ten thousands digit of 68486460?
8
What is the ten millions digit of 602418868?
0
What is the hundred thousands digit of 223266887?
2
What is the tens digit of 522710175?
7
What is the ten thousands digit of 222232?
2
What is the ten thousands digit of 2971082665?
8
What is the ten thousands digit of 31484366?
8
What is the thousands digit of 55113437?
3
What is the millions digit of 74769664?
4
What is the thousands digit of 7757640?
7
What is the ten thousands digit of 50155810?
5
What is the thousands digit of 196202218?
2
What is the thousands digit of 116445761?
5
What is the millions digit of 2941682188?
1
What is the hundred thousands digit of 181870209?
8
What is the hundreds digit of 57477002?
0
What is the hundred thousands digit of 1469734195?
7
What is the ten millions digit of 1023414273?
2
What is the units digit of 11325796?
6
What is the millions digit of 52620034?
2
What is the thousands digit of 1523162495?
2
What is the hundreds digit of 41950862?
8
What is the hundred thousands digit of 42357789?
3
What is the hundred thousands